{"id":1976,"date":"2024-03-22T22:37:48","date_gmt":"2024-03-22T21:37:48","guid":{"rendered":"http:\/\/edicionesdelantal.es\/product\/cd_duadepel\/"},"modified":"2021-06-23T18:49:18","modified_gmt":"2021-06-23T16:49:18","slug":"cd_duadepel","status":"publish","type":"product","link":"https:\/\/edicionesdelantal.es\/en\/product\/cd_duadepel\/","title":{"rendered":"CD D\u00faa de Pel (2018)"},"content":{"rendered":"","protected":false},"excerpt":{"rendered":"<p>&nbsp;<\/p>\n[playlist images=\"false\" ids=\"1872,1874,1876,1878,1880,1882,1884,1886,1888,1890,1892,1894,1896,1898,1900\"]\n<p>Poems and lyrics by\u00a0<a href=\"https:\/\/evaguillamon.com\">Eva Guillam\u00f3n<\/a><br \/>\nMusic and arrangements by\u00a0<a href=\"http:\/\/soniamegias.es\">Sonia Meg\u00edas<\/a><\/p>\n<p>Sonia Meg\u00edas: voice, winds, drums and little percussion<br \/>\nEva Guillam\u00f3n: voice and little percussion<br \/>\nManuel Alcaraz Clemente: percussions<br \/>\nDavid Mayoral: santoor and ethnic percussions<br \/>\nRub\u00e9n Garc\u00eda-Casarrubios: bandurrias<br \/>\nPablo Gastaminza: viola and violin<br \/>\nMari Carmen Antequera: violin<br \/>\nMercedes L\u00f3pez L\u00f3pez: violoncello<\/p>\n<p>Musical production by\u00a0Natalia Martz<br \/>\nMusical pre-production by\u00a0Domingo J. S\u00e1nchez<br \/>\nGraphic design by\u00a0Isis Gayo<br \/>\nRecorded and mastered at Infinity Estudios. Madrid, 2018.<\/p>\n<hr \/>\n<p><strong>Contact<\/strong>:<br \/>\n<a href=\"mailto:info@duadepel.com\" target=\"_blank\" rel=\"noopener noreferrer\">info@duadepel.com<\/a><br \/>\n+34 669 512 290<br \/>\n<a href=\"https:\/\/duadepel.com\/\" target=\"_blank\" rel=\"noopener noreferrer\">www.duadepel.com<\/a><\/p>\n","protected":false},"featured_media":1871,"template":"","meta":{"_gspb_post_css":"","pmpro_default_level":"","_uag_custom_page_level_css":""},"product_brand":[],"product_cat":[723,140,295],"product_tag":[298,299,1676,225,259],"class_list":{"0":"post-1976","1":"product","2":"type-product","3":"status-publish","4":"has-post-thumbnail","6":"product_cat-cds-and-books","7":"product_cat-collections-en","8":"product_cat-pelcollection","9":"product_tag-dua-de-pel-en","10":"product_tag-eva-guillamon-en","11":"product_tag-folk-music","12":"product_tag-folklore","13":"product_tag-sonia-megias-en","14":"pmpro-has-access","16":"first","17":"instock","18":"taxable","19":"shipping-taxable","20":"purchasable","21":"product-type-simple"},"acf":[],"yoast_head":"<!-- This site is optimized with the Yoast SEO plugin v27.5 - https:\/\/yoast.com\/product\/yoast-seo-wordpress\/ -->\n<title>CD D\u00faa de Pel (2018) - EdicionesDelantal<\/title>\n<meta name=\"robots\" content=\"index, follow, max-snippet:-1, max-image-preview:large, max-video-preview:-1\" \/>\n<link rel=\"canonical\" href=\"https:\/\/edicionesdelantal.es\/en\/product\/cd_duadepel\/\" \/>\n<script type=\"application\/ld+json\" class=\"yoast-schema-graph\">{\"@context\":\"https:\\\/\\\/schema.org\",\"@graph\":[{\"@type\":\"WebPage\",\"@id\":\"https:\\\/\\\/edicionesdelantal.es\\\/en\\\/product\\\/cd_duadepel\\\/\",\"url\":\"https:\\\/\\\/edicionesdelantal.es\\\/en\\\/product\\\/cd_duadepel\\\/\",\"name\":\"CD D\u00faa de Pel (2018) - EdicionesDelantal\",\"isPartOf\":{\"@id\":\"https:\\\/\\\/edicionesdelantal.es\\\/#website\"},\"primaryImageOfPage\":{\"@id\":\"https:\\\/\\\/edicionesdelantal.es\\\/en\\\/product\\\/cd_duadepel\\\/#primaryimage\"},\"image\":{\"@id\":\"https:\\\/\\\/edicionesdelantal.es\\\/en\\\/product\\\/cd_duadepel\\\/#primaryimage\"},\"thumbnailUrl\":\"https:\\\/\\\/edicionesdelantal.es\\\/wp-content\\\/uploads\\\/2018\\\/02\\\/duadepelportada1.jpg\",\"datePublished\":\"2024-03-22T21:37:48+00:00\",\"breadcrumb\":{\"@id\":\"https:\\\/\\\/edicionesdelantal.es\\\/en\\\/product\\\/cd_duadepel\\\/#breadcrumb\"},\"inLanguage\":\"en-US\",\"potentialAction\":[{\"@type\":\"ReadAction\",\"target\":[\"https:\\\/\\\/edicionesdelantal.es\\\/en\\\/product\\\/cd_duadepel\\\/\"]}]},{\"@type\":\"ImageObject\",\"inLanguage\":\"en-US\",\"@id\":\"https:\\\/\\\/edicionesdelantal.es\\\/en\\\/product\\\/cd_duadepel\\\/#primaryimage\",\"url\":\"https:\\\/\\\/edicionesdelantal.es\\\/wp-content\\\/uploads\\\/2018\\\/02\\\/duadepelportada1.jpg\",\"contentUrl\":\"https:\\\/\\\/edicionesdelantal.es\\\/wp-content\\\/uploads\\\/2018\\\/02\\\/duadepelportada1.jpg\",\"width\":1558,\"height\":1470},{\"@type\":\"BreadcrumbList\",\"@id\":\"https:\\\/\\\/edicionesdelantal.es\\\/en\\\/product\\\/cd_duadepel\\\/#breadcrumb\",\"itemListElement\":[{\"@type\":\"ListItem\",\"position\":1,\"name\":\"Portada\",\"item\":\"https:\\\/\\\/edicionesdelantal.es\\\/en\\\/home\\\/\"},{\"@type\":\"ListItem\",\"position\":2,\"name\":\"Tienda de Partituras\",\"item\":\"https:\\\/\\\/edicionesdelantal.es\\\/tienda\\\/\"},{\"@type\":\"ListItem\",\"position\":3,\"name\":\"CD D\u00faa de Pel (2018)\"}]},{\"@type\":\"WebSite\",\"@id\":\"https:\\\/\\\/edicionesdelantal.es\\\/#website\",\"url\":\"https:\\\/\\\/edicionesdelantal.es\\\/\",\"name\":\"EdicionesDelantal\",\"description\":\"Composer Sonia Meg\u00edas&#039; publishing company\",\"publisher\":{\"@id\":\"https:\\\/\\\/edicionesdelantal.es\\\/#organization\"},\"potentialAction\":[{\"@type\":\"SearchAction\",\"target\":{\"@type\":\"EntryPoint\",\"urlTemplate\":\"https:\\\/\\\/edicionesdelantal.es\\\/?s={search_term_string}\"},\"query-input\":{\"@type\":\"PropertyValueSpecification\",\"valueRequired\":true,\"valueName\":\"search_term_string\"}}],\"inLanguage\":\"en-US\"},{\"@type\":\"Organization\",\"@id\":\"https:\\\/\\\/edicionesdelantal.es\\\/#organization\",\"name\":\"EdicionesDelantal\",\"url\":\"https:\\\/\\\/edicionesdelantal.es\\\/\",\"logo\":{\"@type\":\"ImageObject\",\"inLanguage\":\"en-US\",\"@id\":\"https:\\\/\\\/edicionesdelantal.es\\\/#\\\/schema\\\/logo\\\/image\\\/\",\"url\":\"https:\\\/\\\/edicionesdelantal.es\\\/wp-content\\\/uploads\\\/2017\\\/11\\\/a-EdicionesDelantal_LOGOCUADRADO.jpg\",\"contentUrl\":\"https:\\\/\\\/edicionesdelantal.es\\\/wp-content\\\/uploads\\\/2017\\\/11\\\/a-EdicionesDelantal_LOGOCUADRADO.jpg\",\"width\":948,\"height\":948,\"caption\":\"EdicionesDelantal\"},\"image\":{\"@id\":\"https:\\\/\\\/edicionesdelantal.es\\\/#\\\/schema\\\/logo\\\/image\\\/\"}}]}<\/script>\n<!-- \/ Yoast SEO plugin. -->","yoast_head_json":{"title":"CD D\u00faa de Pel (2018) - EdicionesDelantal","robots":{"index":"index","follow":"follow","max-snippet":"max-snippet:-1","max-image-preview":"max-image-preview:large","max-video-preview":"max-video-preview:-1"},"canonical":"https:\/\/edicionesdelantal.es\/en\/product\/cd_duadepel\/","schema":{"@context":"https:\/\/schema.org","@graph":[{"@type":"WebPage","@id":"https:\/\/edicionesdelantal.es\/en\/product\/cd_duadepel\/","url":"https:\/\/edicionesdelantal.es\/en\/product\/cd_duadepel\/","name":"CD D\u00faa de Pel (2018) - EdicionesDelantal","isPartOf":{"@id":"https:\/\/edicionesdelantal.es\/#website"},"primaryImageOfPage":{"@id":"https:\/\/edicionesdelantal.es\/en\/product\/cd_duadepel\/#primaryimage"},"image":{"@id":"https:\/\/edicionesdelantal.es\/en\/product\/cd_duadepel\/#primaryimage"},"thumbnailUrl":"https:\/\/edicionesdelantal.es\/wp-content\/uploads\/2018\/02\/duadepelportada1.jpg","datePublished":"2024-03-22T21:37:48+00:00","breadcrumb":{"@id":"https:\/\/edicionesdelantal.es\/en\/product\/cd_duadepel\/#breadcrumb"},"inLanguage":"en-US","potentialAction":[{"@type":"ReadAction","target":["https:\/\/edicionesdelantal.es\/en\/product\/cd_duadepel\/"]}]},{"@type":"ImageObject","inLanguage":"en-US","@id":"https:\/\/edicionesdelantal.es\/en\/product\/cd_duadepel\/#primaryimage","url":"https:\/\/edicionesdelantal.es\/wp-content\/uploads\/2018\/02\/duadepelportada1.jpg","contentUrl":"https:\/\/edicionesdelantal.es\/wp-content\/uploads\/2018\/02\/duadepelportada1.jpg","width":1558,"height":1470},{"@type":"BreadcrumbList","@id":"https:\/\/edicionesdelantal.es\/en\/product\/cd_duadepel\/#breadcrumb","itemListElement":[{"@type":"ListItem","position":1,"name":"Portada","item":"https:\/\/edicionesdelantal.es\/en\/home\/"},{"@type":"ListItem","position":2,"name":"Tienda de Partituras","item":"https:\/\/edicionesdelantal.es\/tienda\/"},{"@type":"ListItem","position":3,"name":"CD D\u00faa de Pel (2018)"}]},{"@type":"WebSite","@id":"https:\/\/edicionesdelantal.es\/#website","url":"https:\/\/edicionesdelantal.es\/","name":"EdicionesDelantal","description":"Composer Sonia Meg\u00edas&#039; publishing company","publisher":{"@id":"https:\/\/edicionesdelantal.es\/#organization"},"potentialAction":[{"@type":"SearchAction","target":{"@type":"EntryPoint","urlTemplate":"https:\/\/edicionesdelantal.es\/?s={search_term_string}"},"query-input":{"@type":"PropertyValueSpecification","valueRequired":true,"valueName":"search_term_string"}}],"inLanguage":"en-US"},{"@type":"Organization","@id":"https:\/\/edicionesdelantal.es\/#organization","name":"EdicionesDelantal","url":"https:\/\/edicionesdelantal.es\/","logo":{"@type":"ImageObject","inLanguage":"en-US","@id":"https:\/\/edicionesdelantal.es\/#\/schema\/logo\/image\/","url":"https:\/\/edicionesdelantal.es\/wp-content\/uploads\/2017\/11\/a-EdicionesDelantal_LOGOCUADRADO.jpg","contentUrl":"https:\/\/edicionesdelantal.es\/wp-content\/uploads\/2017\/11\/a-EdicionesDelantal_LOGOCUADRADO.jpg","width":948,"height":948,"caption":"EdicionesDelantal"},"image":{"@id":"https:\/\/edicionesdelantal.es\/#\/schema\/logo\/image\/"}}]}},"uagb_featured_image_src":{"full":["https:\/\/edicionesdelantal.es\/wp-content\/uploads\/2018\/02\/duadepelportada1.jpg",1558,1470,false],"thumbnail":["https:\/\/edicionesdelantal.es\/wp-content\/uploads\/2018\/02\/duadepelportada1-150x150.jpg",150,150,true],"medium":["https:\/\/edicionesdelantal.es\/wp-content\/uploads\/2018\/02\/duadepelportada1-300x283.jpg",300,283,true],"medium_large":["https:\/\/edicionesdelantal.es\/wp-content\/uploads\/2018\/02\/duadepelportada1-768x725.jpg",768,725,true],"large":["https:\/\/edicionesdelantal.es\/wp-content\/uploads\/2018\/02\/duadepelportada1-1024x966.jpg",980,924,true],"1536x1536":["https:\/\/edicionesdelantal.es\/wp-content\/uploads\/2018\/02\/duadepelportada1.jpg",1536,1449,false],"2048x2048":["https:\/\/edicionesdelantal.es\/wp-content\/uploads\/2018\/02\/duadepelportada1.jpg",1558,1470,false],"woocommerce_thumbnail":["https:\/\/edicionesdelantal.es\/wp-content\/uploads\/2018\/02\/duadepelportada1-324x324.jpg",324,324,true],"woocommerce_single":["https:\/\/edicionesdelantal.es\/wp-content\/uploads\/2018\/02\/duadepelportada1-416x393.jpg",416,393,true],"woocommerce_gallery_thumbnail":["https:\/\/edicionesdelantal.es\/wp-content\/uploads\/2018\/02\/duadepelportada1-100x100.jpg",100,100,true]},"uagb_author_info":{"display_name":"Sonia Meg\u00edas","author_link":"https:\/\/edicionesdelantal.es\/en\/author\/"},"uagb_comment_info":0,"uagb_excerpt":"&nbsp; [playlist images=\"false\" ids=\"1872,1874,1876,1878,1880,1882,1884,1886,1888,1890,1892,1894,1896,1898,1900\"] Poems and lyrics by\u00a0Eva Guillam\u00f3n Music and arrangements by\u00a0Sonia Meg\u00edas Sonia Meg\u00edas: voice, winds, drums and little percussion Eva Guillam\u00f3n: voice and little percussion Manuel Alcaraz Clemente: percussions David Mayoral: santoor and ethnic percussions Rub\u00e9n Garc\u00eda-Casarrubios: bandurrias Pablo Gastaminza: viola and violin Mari Carmen Antequera: violin Mercedes L\u00f3pez L\u00f3pez: violoncello Musical&hellip;","jetpack_sharing_enabled":true,"_links":{"self":[{"href":"https:\/\/edicionesdelantal.es\/en\/wp-json\/wp\/v2\/product\/1976","targetHints":{"allow":["GET"]}}],"collection":[{"href":"https:\/\/edicionesdelantal.es\/en\/wp-json\/wp\/v2\/product"}],"about":[{"href":"https:\/\/edicionesdelantal.es\/en\/wp-json\/wp\/v2\/types\/product"}],"wp:featuredmedia":[{"embeddable":true,"href":"https:\/\/edicionesdelantal.es\/en\/wp-json\/wp\/v2\/media\/1871"}],"wp:attachment":[{"href":"https:\/\/edicionesdelantal.es\/en\/wp-json\/wp\/v2\/media?parent=1976"}],"wp:term":[{"taxonomy":"product_brand","embeddable":true,"href":"https:\/\/edicionesdelantal.es\/en\/wp-json\/wp\/v2\/product_brand?post=1976"},{"taxonomy":"product_cat","embeddable":true,"href":"https:\/\/edicionesdelantal.es\/en\/wp-json\/wp\/v2\/product_cat?post=1976"},{"taxonomy":"product_tag","embeddable":true,"href":"https:\/\/edicionesdelantal.es\/en\/wp-json\/wp\/v2\/product_tag?post=1976"}],"curies":[{"name":"wp","href":"https:\/\/api.w.org\/{rel}","templated":true}]}}

CD Dúa de Pel (2018)

<p>&nbsp;</p>
[playlist images="false" ids="1872,1874,1876,1878,1880,1882,1884,1886,1888,1890,1892,1894,1896,1898,1900"]
<p>Poems and lyrics by <a href="https://evaguillamon.com">Eva Guillamón</a><br />
Music and arrangements by <a href="http://soniamegias.es">Sonia Megías</a></p>
<p>Sonia Megías: voice, winds, drums and little percussion<br />
Eva Guillamón: voice and little percussion<br />
Manuel Alcaraz Clemente: percussions<br />
David Mayoral: santoor and ethnic percussions<br />
Rubén García-Casarrubios: bandurrias<br />
Pablo Gastaminza: viola and violin<br />
Mari Carmen Antequera: violin<br />
Mercedes López López: violoncello</p>
<p>Musical production by Natalia Martz<br />
Musical pre-production by Domingo J. Sánchez<br />
Graphic design by Isis Gayo<br />
Recorded and mastered at Infinity Estudios. Madrid, 2018.</p>
<hr />
<p><strong>Contact</strong>:<br />
<a href="mailto:info@duadepel.com" target="_blank" rel="noopener noreferrer">info@duadepel.com</a><br />
+34 669 512 290<br />
<a href="https://duadepel.com/" target="_blank" rel="noopener noreferrer">www.duadepel.com</a></p>

<!-- This site is optimized with the Yoast SEO plugin v27.5 - https://yoast.com/product/yoast-seo-wordpress/ -->
<title>CD Dúa de Pel (2018) - EdicionesDelantal</title>
<meta name="robots" content="index, follow, max-snippet:-1, max-image-preview:large, max-video-preview:-1" />
<link rel="canonical" href="https://edicionesdelantal.es/en/product/cd_duadepel/" />
<script type="application/ld+json" class="yoast-schema-graph">{"@context":"https:\/\/schema.org","@graph":[{"@type":"WebPage","@id":"https:\/\/edicionesdelantal.es\/en\/product\/cd_duadepel\/","url":"https:\/\/edicionesdelantal.es\/en\/product\/cd_duadepel\/","name":"CD Dúa de Pel (2018) - EdicionesDelantal","isPartOf":{"@id":"https:\/\/edicionesdelantal.es\/#website"},"primaryImageOfPage":{"@id":"https:\/\/edicionesdelantal.es\/en\/product\/cd_duadepel\/#primaryimage"},"image":{"@id":"https:\/\/edicionesdelantal.es\/en\/product\/cd_duadepel\/#primaryimage"},"thumbnailUrl":"https:\/\/edicionesdelantal.es\/wp-content\/uploads\/2018\/02\/duadepelportada1.jpg","datePublished":"2024-03-22T21:37:48+00:00","breadcrumb":{"@id":"https:\/\/edicionesdelantal.es\/en\/product\/cd_duadepel\/#breadcrumb"},"inLanguage":"en-US","potentialAction":[{"@type":"ReadAction","target":["https:\/\/edicionesdelantal.es\/en\/product\/cd_duadepel\/"]}]},{"@type":"ImageObject","inLanguage":"en-US","@id":"https:\/\/edicionesdelantal.es\/en\/product\/cd_duadepel\/#primaryimage","url":"https:\/\/edicionesdelantal.es\/wp-content\/uploads\/2018\/02\/duadepelportada1.jpg","contentUrl":"https:\/\/edicionesdelantal.es\/wp-content\/uploads\/2018\/02\/duadepelportada1.jpg","width":1558,"height":1470},{"@type":"BreadcrumbList","@id":"https:\/\/edicionesdelantal.es\/en\/product\/cd_duadepel\/#breadcrumb","itemListElement":[{"@type":"ListItem","position":1,"name":"Portada","item":"https:\/\/edicionesdelantal.es\/en\/home\/"},{"@type":"ListItem","position":2,"name":"Tienda de Partituras","item":"https:\/\/edicionesdelantal.es\/tienda\/"},{"@type":"ListItem","position":3,"name":"CD Dúa de Pel (2018)"}]},{"@type":"WebSite","@id":"https:\/\/edicionesdelantal.es\/#website","url":"https:\/\/edicionesdelantal.es\/","name":"EdicionesDelantal","description":"Composer Sonia Megías&#039; publishing company","publisher":{"@id":"https:\/\/edicionesdelantal.es\/#organization"},"potentialAction":[{"@type":"SearchAction","target":{"@type":"EntryPoint","urlTemplate":"https:\/\/edicionesdelantal.es\/?s={search_term_string}"},"query-input":{"@type":"PropertyValueSpecification","valueRequired":true,"valueName":"search_term_string"}}],"inLanguage":"en-US"},{"@type":"Organization","@id":"https:\/\/edicionesdelantal.es\/#organization","name":"EdicionesDelantal","url":"https:\/\/edicionesdelantal.es\/","logo":{"@type":"ImageObject","inLanguage":"en-US","@id":"https:\/\/edicionesdelantal.es\/#\/schema\/logo\/image\/","url":"https:\/\/edicionesdelantal.es\/wp-content\/uploads\/2017\/11\/a-EdicionesDelantal_LOGOCUADRADO.jpg","contentUrl":"https:\/\/edicionesdelantal.es\/wp-content\/uploads\/2017\/11\/a-EdicionesDelantal_LOGOCUADRADO.jpg","width":948,"height":948,"caption":"EdicionesDelantal"},"image":{"@id":"https:\/\/edicionesdelantal.es\/#\/schema\/logo\/image\/"}}]}</script>
<!-- / Yoast SEO plugin. -->

CD Dúa de Pel (2018) - EdicionesDelantal

Composer Sonia Megías&#039; publishing company

Sonia Megías

&nbsp; [playlist images="false" ids="1872,1874,1876,1878,1880,1882,1884,1886,1888,1890,1892,1894,1896,1898,1900"] Poems and lyrics by Eva Guillamón Music and arrangements by Sonia Megías Sonia Megías: voice, winds, drums and little percussion Eva Guillamón: voice and little percussion Manuel Alcaraz Clemente: percussions David Mayoral: santoor and ethnic percussions Rubén García-Casarrubios: bandurrias Pablo Gastaminza: viola and violin Mari Carmen Antequera: violin Mercedes López López: violoncello Musical&hellip;
